{"id":2184,"date":"2025-08-18T21:27:26","date_gmt":"2025-08-19T03:27:26","guid":{"rendered":"https:\/\/lacasadeloverol.com\/web\/?page_id=2184"},"modified":"2025-09-09T14:30:58","modified_gmt":"2025-09-09T20:30:58","slug":"overoles","status":"publish","type":"page","link":"https:\/\/lacasadeloverol.com\/web\/overoles\/","title":{"rendered":"Overoles"},"content":{"rendered":"\n<div class=\"wp-block-uagb-container uagb-block-cef93154 alignfull uagb-is-root-container\"><div class=\"uagb-container-inner-blocks-wrap\">\n<div class=\"wp-block-uagb-advanced-heading uagb-block-ee43a231\"><h1 class=\"uagb-heading-text\">Overoles<\/h1><\/div>\n<\/div><\/div>\n\n\n\n<div class=\"wp-block-uagb-container uagb-block-75e83681 alignfull uagb-is-root-container\"><div class=\"uagb-container-inner-blocks-wrap\">\n<div class=\"wp-block-uagb-container uagb-block-292d0e7b\">\n<div class=\"wp-block-uagb-image uagb-block-5ae83125 wp-block-uagb-image--layout-default wp-block-uagb-image--effect-static wp-block-uagb-image--align-none\"><figure class=\"wp-block-uagb-image__figure\"><img decoding=\"async\" srcset=\"https:\/\/lacasadeloverol.com\/web\/wp-content\/uploads\/2025\/09\/overol3.jpg ,https:\/\/lacasadeloverol.com\/web\/wp-content\/uploads\/2025\/09\/overol3.jpg 780w, https:\/\/lacasadeloverol.com\/web\/wp-content\/uploads\/2025\/09\/overol3.jpg 360w\" sizes=\"auto, (max-width: 480px) 150px\" src=\"https:\/\/lacasadeloverol.com\/web\/wp-content\/uploads\/2025\/09\/overol3.jpg\" alt=\"Overoles\" class=\"uag-image-2237\" width=\"750\" height=\"1000\" title=\"overol3\" loading=\"lazy\" role=\"img\"\/><\/figure><\/div>\n<\/div>\n\n\n\n<div class=\"wp-block-uagb-container uagb-block-01b1c469\">\n<div class=\"wp-block-uagb-image uagb-block-465a4876 wp-block-uagb-image--layout-default wp-block-uagb-image--effect-static wp-block-uagb-image--align-none\"><figure class=\"wp-block-uagb-image__figure\"><img decoding=\"async\" srcset=\"https:\/\/lacasadeloverol.com\/web\/wp-content\/uploads\/2025\/09\/overol2.jpg ,https:\/\/lacasadeloverol.com\/web\/wp-content\/uploads\/2025\/09\/overol2.jpg 780w, https:\/\/lacasadeloverol.com\/web\/wp-content\/uploads\/2025\/09\/overol2.jpg 360w\" sizes=\"auto, (max-width: 480px) 150px\" src=\"https:\/\/lacasadeloverol.com\/web\/wp-content\/uploads\/2025\/09\/overol2.jpg\" alt=\"Overoles\" class=\"uag-image-2236\" width=\"540\" height=\"720\" title=\"overol2\" loading=\"lazy\" role=\"img\"\/><\/figure><\/div>\n<\/div>\n\n\n\n<div class=\"wp-block-uagb-container uagb-block-fbdc5187\">\n<div class=\"wp-block-uagb-image uagb-block-836c299a wp-block-uagb-image--layout-default wp-block-uagb-image--effect-static wp-block-uagb-image--align-none\"><figure class=\"wp-block-uagb-image__figure\"><img decoding=\"async\" srcset=\"https:\/\/lacasadeloverol.com\/web\/wp-content\/uploads\/2025\/09\/overol1.jpg ,https:\/\/lacasadeloverol.com\/web\/wp-content\/uploads\/2025\/09\/overol1.jpg 780w, https:\/\/lacasadeloverol.com\/web\/wp-content\/uploads\/2025\/09\/overol1.jpg 360w\" sizes=\"auto, (max-width: 480px) 150px\" src=\"https:\/\/lacasadeloverol.com\/web\/wp-content\/uploads\/2025\/09\/overol1.jpg\" alt=\"Overoles\" class=\"uag-image-2235\" width=\"540\" height=\"720\" title=\"overol1\" loading=\"lazy\" role=\"img\"\/><\/figure><\/div>\n<\/div>\n<\/div><\/div>\n\n\n\n<div class=\"wp-block-uagb-container uagb-block-b9115964 alignfull uagb-is-root-container\"><div class=\"uagb-container-inner-blocks-wrap\">\n<div class=\"wp-block-uagb-container uagb-block-a3d91895\">\n<div class=\"wp-block-uagb-image uagb-block-7b949b62 wp-block-uagb-image--layout-default wp-block-uagb-image--effect-static wp-block-uagb-image--align-none\"><figure class=\"wp-block-uagb-image__figure\"><img decoding=\"async\" srcset=\"https:\/\/lacasadeloverol.com\/web\/wp-content\/uploads\/2025\/09\/overol9.jpg ,https:\/\/lacasadeloverol.com\/web\/wp-content\/uploads\/2025\/09\/overol9.jpg 780w, https:\/\/lacasadeloverol.com\/web\/wp-content\/uploads\/2025\/09\/overol9.jpg 360w\" sizes=\"auto, (max-width: 480px) 150px\" src=\"https:\/\/lacasadeloverol.com\/web\/wp-content\/uploads\/2025\/09\/overol9.jpg\" alt=\"overol9\" class=\"uag-image-2400\" width=\"750\" height=\"1000\" title=\"overol9\" loading=\"lazy\" role=\"img\"\/><\/figure><\/div>\n<\/div>\n\n\n\n<div class=\"wp-block-uagb-container uagb-block-99a766c0\">\n<div class=\"wp-block-uagb-image uagb-block-fa07605c wp-block-uagb-image--layout-default wp-block-uagb-image--effect-static wp-block-uagb-image--align-none\"><figure class=\"wp-block-uagb-image__figure\"><img decoding=\"async\" srcset=\"https:\/\/lacasadeloverol.com\/web\/wp-content\/uploads\/2025\/09\/overol8.jpg ,https:\/\/lacasadeloverol.com\/web\/wp-content\/uploads\/2025\/09\/overol8.jpg 780w, https:\/\/lacasadeloverol.com\/web\/wp-content\/uploads\/2025\/09\/overol8.jpg 360w\" sizes=\"auto, (max-width: 480px) 150px\" src=\"https:\/\/lacasadeloverol.com\/web\/wp-content\/uploads\/2025\/09\/overol8.jpg\" alt=\"overol8\" class=\"uag-image-2399\" width=\"540\" height=\"720\" title=\"overol8\" loading=\"lazy\" role=\"img\"\/><\/figure><\/div>\n<\/div>\n\n\n\n<div class=\"wp-block-uagb-container uagb-block-0984f952\">\n<div class=\"wp-block-uagb-image uagb-block-8d253fce wp-block-uagb-image--layout-default wp-block-uagb-image--effect-static wp-block-uagb-image--align-none\"><figure class=\"wp-block-uagb-image__figure\"><img decoding=\"async\" srcset=\"https:\/\/lacasadeloverol.com\/web\/wp-content\/uploads\/2025\/09\/overol7.jpg ,https:\/\/lacasadeloverol.com\/web\/wp-content\/uploads\/2025\/09\/overol7.jpg 780w, https:\/\/lacasadeloverol.com\/web\/wp-content\/uploads\/2025\/09\/overol7.jpg 360w\" sizes=\"auto, (max-width: 480px) 150px\" src=\"https:\/\/lacasadeloverol.com\/web\/wp-content\/uploads\/2025\/09\/overol7.jpg\" alt=\"overol7\" class=\"uag-image-2398\" width=\"540\" height=\"720\" title=\"overol7\" loading=\"lazy\" role=\"img\"\/><\/figure><\/div>\n<\/div>\n<\/div><\/div>\n\n\n\n<div class=\"wp-block-uagb-container uagb-block-6d536f34 alignfull uagb-is-root-container\"><div class=\"uagb-container-inner-blocks-wrap\">\n<div class=\"wp-block-uagb-container uagb-block-0eea5a58\">\n<div class=\"wp-block-uagb-image uagb-block-afe854c9 wp-block-uagb-image--layout-default wp-block-uagb-image--effect-static wp-block-uagb-image--align-none\"><figure class=\"wp-block-uagb-image__figure\"><img decoding=\"async\" srcset=\"https:\/\/lacasadeloverol.com\/web\/wp-content\/uploads\/2025\/09\/overol6.jpg ,https:\/\/lacasadeloverol.com\/web\/wp-content\/uploads\/2025\/09\/overol6.jpg 780w, https:\/\/lacasadeloverol.com\/web\/wp-content\/uploads\/2025\/09\/overol6.jpg 360w\" sizes=\"auto, (max-width: 480px) 150px\" src=\"https:\/\/lacasadeloverol.com\/web\/wp-content\/uploads\/2025\/09\/overol6.jpg\" alt=\"overol6\" class=\"uag-image-2397\" width=\"750\" height=\"1000\" title=\"overol6\" loading=\"lazy\" role=\"img\"\/><\/figure><\/div>\n<\/div>\n\n\n\n<div class=\"wp-block-uagb-container uagb-block-c454d43f\">\n<div class=\"wp-block-uagb-image uagb-block-3501a990 wp-block-uagb-image--layout-default wp-block-uagb-image--effect-static wp-block-uagb-image--align-none\"><figure class=\"wp-block-uagb-image__figure\"><img decoding=\"async\" srcset=\"https:\/\/lacasadeloverol.com\/web\/wp-content\/uploads\/2025\/09\/overol5.jpg ,https:\/\/lacasadeloverol.com\/web\/wp-content\/uploads\/2025\/09\/overol5.jpg 780w, https:\/\/lacasadeloverol.com\/web\/wp-content\/uploads\/2025\/09\/overol5.jpg 360w\" sizes=\"auto, (max-width: 480px) 150px\" src=\"https:\/\/lacasadeloverol.com\/web\/wp-content\/uploads\/2025\/09\/overol5.jpg\" alt=\"overol5\" class=\"uag-image-2396\" width=\"540\" height=\"720\" title=\"overol5\" loading=\"lazy\" role=\"img\"\/><\/figure><\/div>\n<\/div>\n\n\n\n<div class=\"wp-block-uagb-container uagb-block-e9880b06\">\n<div class=\"wp-block-uagb-image uagb-block-a6e85937 wp-block-uagb-image--layout-default wp-block-uagb-image--effect-static wp-block-uagb-image--align-none\"><figure class=\"wp-block-uagb-image__figure\"><img decoding=\"async\" srcset=\"https:\/\/lacasadeloverol.com\/web\/wp-content\/uploads\/2025\/09\/overol4.jpg ,https:\/\/lacasadeloverol.com\/web\/wp-content\/uploads\/2025\/09\/overol4.jpg 780w, https:\/\/lacasadeloverol.com\/web\/wp-content\/uploads\/2025\/09\/overol4.jpg 360w\" sizes=\"auto, (max-width: 480px) 150px\" src=\"https:\/\/lacasadeloverol.com\/web\/wp-content\/uploads\/2025\/09\/overol4.jpg\" alt=\"overol4\" class=\"uag-image-2395\" width=\"540\" height=\"720\" title=\"overol4\" loading=\"lazy\" role=\"img\"\/><\/figure><\/div>\n<\/div>\n<\/div><\/div>\n\n\n\n<div class=\"wp-block-uagb-container uagb-block-8fe14de4 alignfull uagb-is-root-container\">\n<div class=\"wp-block-uagb-container uagb-block-a9df32cb\">\n<div class=\"wp-block-uagb-info-box uagb-block-95bb51ac uagb-infobox__content-wrap  uagb-infobox-icon-above-title uagb-infobox-image-valign-top\"><div class=\"uagb-ifb-content\"><div class=\"uagb-ifb-title-wrap\"><h4 class=\"uagb-ifb-title-prefix\">Hablemos de tu proyecto<\/h4><h2 class=\"uagb-ifb-title\">\u00bfListo para trabajar con nosotros?<\/h2><\/div><p class=\"uagb-ifb-desc\">Nuestro equipo est\u00e1 preparado para asesorarte y brindarte la mejor soluci\u00f3n en uniformes para tu empresa o instituci\u00f3n.<\/p><div class=\"uagb-ifb-button-wrapper wp-block-button\"><a href=\"https:\/\/lacasadeloverol.com\/web\/contacto\/\" class=\"uagb-infobox-cta-link wp-block-button__link\" target=\"_self\" rel=\"noopener noreferrer\" onclick=\"return true;\"><span class=\"uagb-inline-editing\">Cont\u00e1ctanos hoy<\/span><\/a><\/div><\/div><\/div>\n<\/div>\n<\/div>\n","protected":false},"excerpt":{"rendered":"<p>Overoles<\/p>\n","protected":false},"author":1,"featured_media":0,"parent":0,"menu_order":0,"comment_status":"closed","ping_status":"closed","template":"","meta":{"_uag_custom_page_level_css":"","site-sidebar-layout":"no-sidebar","site-content-layout":"plain-container","ast-site-content-layout":"normal-width-container","site-content-style":"unboxed","site-sidebar-style":"unboxed","ast-global-header-display":"","ast-banner-title-visibility":"","ast-main-header-display":"","ast-hfb-above-header-display":"","ast-hfb-below-header-display":"","ast-hfb-mobile-header-display":"","site-post-title":"disabled","ast-breadcrumbs-content":"","ast-featured-img":"disabled","footer-sml-layout":"","theme-transparent-header-meta":"disabled","adv-header-id-meta":"","stick-header-meta":"","header-above-stick-meta":"","header-main-stick-meta":"","header-below-stick-meta":"","astra-migrate-meta-layouts":"set","ast-page-background-enabled":"default","ast-page-background-meta":{"desktop":{"background-color":"var(--ast-global-color-4)","background-image":"","background-repeat":"repeat","background-position":"center center","background-size":"auto","background-attachment":"scroll","background-type":"","background-media":"","overlay-type":"","overlay-color":"","overlay-opacity":"","overlay-gradient":""},"tablet":{"background-color":"","background-image":"","background-repeat":"repeat","background-position":"center center","background-size":"auto","background-attachment":"scroll","background-type":"","background-media":"","overlay-type":"","overlay-color":"","overlay-opacity":"","overlay-gradient":""},"mobile":{"background-color":"","background-image":"","background-repeat":"repeat","background-position":"center center","background-size":"auto","background-attachment":"scroll","background-type":"","background-media":"","overlay-type":"","overlay-color":"","overlay-opacity":"","overlay-gradient":""}},"ast-content-background-meta":{"desktop":{"background-color":"var(--ast-global-color-5)","background-image":"","background-repeat":"repeat","background-position":"center center","background-size":"auto","background-attachment":"scroll","background-type":"","background-media":"","overlay-type":"","overlay-color":"","overlay-opacity":"","overlay-gradient":""},"tablet":{"background-color":"var(--ast-global-color-5)","background-image":"","background-repeat":"repeat","background-position":"center center","background-size":"auto","background-attachment":"scroll","background-type":"","background-media":"","overlay-type":"","overlay-color":"","overlay-opacity":"","overlay-gradient":""},"mobile":{"background-color":"var(--ast-global-color-5)","background-image":"","background-repeat":"repeat","background-position":"center center","background-size":"auto","background-attachment":"scroll","background-type":"","background-media":"","overlay-type":"","overlay-color":"","overlay-opacity":"","overlay-gradient":""}},"footnotes":""},"class_list":["post-2184","page","type-page","status-publish","hentry"],"yoast_head":"<!-- This site is optimized with the Yoast SEO plugin v26.0 - https:\/\/yoast.com\/wordpress\/plugins\/seo\/ -->\n<title>Overoles - La Casa del Overol<\/title>\n<meta name=\"robots\" content=\"index, follow, max-snippet:-1, max-image-preview:large, max-video-preview:-1\" \/>\n<link rel=\"canonical\" href=\"https:\/\/lacasadeloverol.com\/web\/overoles\/\" \/>\n<meta property=\"og:locale\" content=\"es_ES\" \/>\n<meta property=\"og:type\" content=\"article\" \/>\n<meta property=\"og:title\" content=\"Overoles - La Casa del Overol\" \/>\n<meta property=\"og:description\" content=\"Overoles\" \/>\n<meta property=\"og:url\" content=\"https:\/\/lacasadeloverol.com\/web\/overoles\/\" \/>\n<meta property=\"og:site_name\" content=\"La Casa del Overol\" \/>\n<meta property=\"article:publisher\" content=\"https:\/\/www.facebook.com\/p\/La-Casa-del-Overol-Oficial-100064134819828\" \/>\n<meta property=\"article:modified_time\" content=\"2025-09-09T20:30:58+00:00\" \/>\n<meta property=\"og:image\" content=\"https:\/\/lacasadeloverol.com\/web\/wp-content\/uploads\/2025\/09\/overol3.jpg\" \/>\n<meta name=\"twitter:card\" content=\"summary_large_image\" \/>\n<meta name=\"twitter:label1\" content=\"Tiempo de lectura\" \/>\n\t<meta name=\"twitter:data1\" content=\"2 minutos\" \/>\n<script type=\"application\/ld+json\" class=\"yoast-schema-graph\">{\"@context\":\"https:\/\/schema.org\",\"@graph\":[{\"@type\":\"WebPage\",\"@id\":\"https:\/\/lacasadeloverol.com\/web\/overoles\/\",\"url\":\"https:\/\/lacasadeloverol.com\/web\/overoles\/\",\"name\":\"Overoles - La Casa del Overol\",\"isPartOf\":{\"@id\":\"https:\/\/lacasadeloverol.com\/web\/#website\"},\"primaryImageOfPage\":{\"@id\":\"https:\/\/lacasadeloverol.com\/web\/overoles\/#primaryimage\"},\"image\":{\"@id\":\"https:\/\/lacasadeloverol.com\/web\/overoles\/#primaryimage\"},\"thumbnailUrl\":\"https:\/\/lacasadeloverol.com\/web\/wp-content\/uploads\/2025\/09\/overol3.jpg\",\"datePublished\":\"2025-08-19T03:27:26+00:00\",\"dateModified\":\"2025-09-09T20:30:58+00:00\",\"breadcrumb\":{\"@id\":\"https:\/\/lacasadeloverol.com\/web\/overoles\/#breadcrumb\"},\"inLanguage\":\"es\",\"potentialAction\":[{\"@type\":\"ReadAction\",\"target\":[\"https:\/\/lacasadeloverol.com\/web\/overoles\/\"]}]},{\"@type\":\"ImageObject\",\"inLanguage\":\"es\",\"@id\":\"https:\/\/lacasadeloverol.com\/web\/overoles\/#primaryimage\",\"url\":\"https:\/\/lacasadeloverol.com\/web\/wp-content\/uploads\/2025\/09\/overol3.jpg\",\"contentUrl\":\"https:\/\/lacasadeloverol.com\/web\/wp-content\/uploads\/2025\/09\/overol3.jpg\",\"width\":750,\"height\":1000,\"caption\":\"Overoles\"},{\"@type\":\"BreadcrumbList\",\"@id\":\"https:\/\/lacasadeloverol.com\/web\/overoles\/#breadcrumb\",\"itemListElement\":[{\"@type\":\"ListItem\",\"position\":1,\"name\":\"Portada\",\"item\":\"https:\/\/lacasadeloverol.com\/web\/\"},{\"@type\":\"ListItem\",\"position\":2,\"name\":\"Overoles\"}]},{\"@type\":\"WebSite\",\"@id\":\"https:\/\/lacasadeloverol.com\/web\/#website\",\"url\":\"https:\/\/lacasadeloverol.com\/web\/\",\"name\":\"La Casa del Overol\",\"description\":\"De todo en uniformes\",\"publisher\":{\"@id\":\"https:\/\/lacasadeloverol.com\/web\/#organization\"},\"potentialAction\":[{\"@type\":\"SearchAction\",\"target\":{\"@type\":\"EntryPoint\",\"urlTemplate\":\"https:\/\/lacasadeloverol.com\/web\/?s={search_term_string}\"},\"query-input\":{\"@type\":\"PropertyValueSpecification\",\"valueRequired\":true,\"valueName\":\"search_term_string\"}}],\"inLanguage\":\"es\"},{\"@type\":\"Organization\",\"@id\":\"https:\/\/lacasadeloverol.com\/web\/#organization\",\"name\":\"La Casa del Overol\",\"url\":\"https:\/\/lacasadeloverol.com\/web\/\",\"logo\":{\"@type\":\"ImageObject\",\"inLanguage\":\"es\",\"@id\":\"https:\/\/lacasadeloverol.com\/web\/#\/schema\/logo\/image\/\",\"url\":\"https:\/\/lacasadeloverol.com\/web\/wp-content\/uploads\/2025\/08\/Logotipo-La-Casa-Del-Overol.png\",\"contentUrl\":\"https:\/\/lacasadeloverol.com\/web\/wp-content\/uploads\/2025\/08\/Logotipo-La-Casa-Del-Overol.png\",\"width\":996,\"height\":464,\"caption\":\"La Casa del Overol\"},\"image\":{\"@id\":\"https:\/\/lacasadeloverol.com\/web\/#\/schema\/logo\/image\/\"},\"sameAs\":[\"https:\/\/www.facebook.com\/p\/La-Casa-del-Overol-Oficial-100064134819828\"]}]}<\/script>\n<!-- \/ Yoast SEO plugin. -->","yoast_head_json":{"title":"Overoles - La Casa del Overol","robots":{"index":"index","follow":"follow","max-snippet":"max-snippet:-1","max-image-preview":"max-image-preview:large","max-video-preview":"max-video-preview:-1"},"canonical":"https:\/\/lacasadeloverol.com\/web\/overoles\/","og_locale":"es_ES","og_type":"article","og_title":"Overoles - La Casa del Overol","og_description":"Overoles","og_url":"https:\/\/lacasadeloverol.com\/web\/overoles\/","og_site_name":"La Casa del Overol","article_publisher":"https:\/\/www.facebook.com\/p\/La-Casa-del-Overol-Oficial-100064134819828","article_modified_time":"2025-09-09T20:30:58+00:00","og_image":[{"url":"https:\/\/lacasadeloverol.com\/web\/wp-content\/uploads\/2025\/09\/overol3.jpg","type":"","width":"","height":""}],"twitter_card":"summary_large_image","twitter_misc":{"Tiempo de lectura":"2 minutos"},"schema":{"@context":"https:\/\/schema.org","@graph":[{"@type":"WebPage","@id":"https:\/\/lacasadeloverol.com\/web\/overoles\/","url":"https:\/\/lacasadeloverol.com\/web\/overoles\/","name":"Overoles - La Casa del Overol","isPartOf":{"@id":"https:\/\/lacasadeloverol.com\/web\/#website"},"primaryImageOfPage":{"@id":"https:\/\/lacasadeloverol.com\/web\/overoles\/#primaryimage"},"image":{"@id":"https:\/\/lacasadeloverol.com\/web\/overoles\/#primaryimage"},"thumbnailUrl":"https:\/\/lacasadeloverol.com\/web\/wp-content\/uploads\/2025\/09\/overol3.jpg","datePublished":"2025-08-19T03:27:26+00:00","dateModified":"2025-09-09T20:30:58+00:00","breadcrumb":{"@id":"https:\/\/lacasadeloverol.com\/web\/overoles\/#breadcrumb"},"inLanguage":"es","potentialAction":[{"@type":"ReadAction","target":["https:\/\/lacasadeloverol.com\/web\/overoles\/"]}]},{"@type":"ImageObject","inLanguage":"es","@id":"https:\/\/lacasadeloverol.com\/web\/overoles\/#primaryimage","url":"https:\/\/lacasadeloverol.com\/web\/wp-content\/uploads\/2025\/09\/overol3.jpg","contentUrl":"https:\/\/lacasadeloverol.com\/web\/wp-content\/uploads\/2025\/09\/overol3.jpg","width":750,"height":1000,"caption":"Overoles"},{"@type":"BreadcrumbList","@id":"https:\/\/lacasadeloverol.com\/web\/overoles\/#breadcrumb","itemListElement":[{"@type":"ListItem","position":1,"name":"Portada","item":"https:\/\/lacasadeloverol.com\/web\/"},{"@type":"ListItem","position":2,"name":"Overoles"}]},{"@type":"WebSite","@id":"https:\/\/lacasadeloverol.com\/web\/#website","url":"https:\/\/lacasadeloverol.com\/web\/","name":"La Casa del Overol","description":"De todo en uniformes","publisher":{"@id":"https:\/\/lacasadeloverol.com\/web\/#organization"},"potentialAction":[{"@type":"SearchAction","target":{"@type":"EntryPoint","urlTemplate":"https:\/\/lacasadeloverol.com\/web\/?s={search_term_string}"},"query-input":{"@type":"PropertyValueSpecification","valueRequired":true,"valueName":"search_term_string"}}],"inLanguage":"es"},{"@type":"Organization","@id":"https:\/\/lacasadeloverol.com\/web\/#organization","name":"La Casa del Overol","url":"https:\/\/lacasadeloverol.com\/web\/","logo":{"@type":"ImageObject","inLanguage":"es","@id":"https:\/\/lacasadeloverol.com\/web\/#\/schema\/logo\/image\/","url":"https:\/\/lacasadeloverol.com\/web\/wp-content\/uploads\/2025\/08\/Logotipo-La-Casa-Del-Overol.png","contentUrl":"https:\/\/lacasadeloverol.com\/web\/wp-content\/uploads\/2025\/08\/Logotipo-La-Casa-Del-Overol.png","width":996,"height":464,"caption":"La Casa del Overol"},"image":{"@id":"https:\/\/lacasadeloverol.com\/web\/#\/schema\/logo\/image\/"},"sameAs":["https:\/\/www.facebook.com\/p\/La-Casa-del-Overol-Oficial-100064134819828"]}]}},"uagb_featured_image_src":{"full":false,"thumbnail":false,"medium":false,"medium_large":false,"large":false,"1536x1536":false,"2048x2048":false},"uagb_author_info":{"display_name":"admin_lco","author_link":"https:\/\/lacasadeloverol.com\/web\/author\/admin_lco\/"},"uagb_comment_info":0,"uagb_excerpt":"Overoles","_links":{"self":[{"href":"https:\/\/lacasadeloverol.com\/web\/wp-json\/wp\/v2\/pages\/2184","targetHints":{"allow":["GET"]}}],"collection":[{"href":"https:\/\/lacasadeloverol.com\/web\/wp-json\/wp\/v2\/pages"}],"about":[{"href":"https:\/\/lacasadeloverol.com\/web\/wp-json\/wp\/v2\/types\/page"}],"author":[{"embeddable":true,"href":"https:\/\/lacasadeloverol.com\/web\/wp-json\/wp\/v2\/users\/1"}],"replies":[{"embeddable":true,"href":"https:\/\/lacasadeloverol.com\/web\/wp-json\/wp\/v2\/comments?post=2184"}],"version-history":[{"count":19,"href":"https:\/\/lacasadeloverol.com\/web\/wp-json\/wp\/v2\/pages\/2184\/revisions"}],"predecessor-version":[{"id":2401,"href":"https:\/\/lacasadeloverol.com\/web\/wp-json\/wp\/v2\/pages\/2184\/revisions\/2401"}],"wp:attachment":[{"href":"https:\/\/lacasadeloverol.com\/web\/wp-json\/wp\/v2\/media?parent=2184"}],"curies":[{"name":"wp","href":"https:\/\/api.w.org\/{rel}","templated":true}]}}